 + 475 - 25 = 0. Suppose 4*g + w = -3*k, 0 = -k + 4*k - 3. Let i = g + 112. What are the prime factors of i?
5, 11
Suppose 3*p + 16*p = 209. Suppose 4*d + p*d - 4410 = 0. What are the prime factors of d?
2, 3, 7
Let k(j) = -2*j**3 + j**2 - 5*j + 30. Let u(v) = v**3 - 2*v**2 + 4*v - 29. Let i(o) = 2*k(o) + 3*u(o). List the prime factors of i(-9).
2, 3, 5
Suppose 1 - 5 = -4*q, -4*m + q + 279 = 0. List the prime factors of (-21)/70 + 21371/m.
5, 61
Suppose -12*z + 60 = 3*z. Suppose -z*j + 768 = -184. List the prime factors of j.
2, 7, 17
Let p = 16564 - 9705. Suppose -33*m + p - 1183 = 0. List the prime factors of m.
2, 43
Suppose -5*n - 5*w = -230, 3*w = 5*n - 121 - 109. Suppose -3*g - 5*r = -n - 890, 3 = r. List the prime factors of g.
307
Let n(f) = f**2 - 12*f - 1. Let o be n(13). Let u be -1 + (-2270)/6 - (-4)/o. Let p = -206 - u. What are the prime factors of p?
173
Suppose -2*w = -3*w - t + 36391, -w + 36367 = -23*t. What are the prime factors of w?
2, 3, 5, 1213
Suppose -4*r + 16 = 4*s, -2*s + 4 = -3*r - 4. Suppose -4*b = 3*z - 0*b - 164, -220 = -s*z - 5*b. Suppose 9 = j - z. What are the prime factors of j?
3, 23
What are the prime factors of (178/(-534))/(-1*(-2)/(-165414))?
19, 1451
Let n be 4/18 - 209/171. What are the prime factors of n/((-1)/487) - (-8)/(-4)?
5, 97
Suppose -5*y - 4*w + 102727 = 0, 0 = 4*y + 5*w - 29732 - 52455. List the prime factors of y.
20543
Let t = -835 - -765. Suppose 0 = 3*i - 5*i + 298. Let l = t + i. List the prime factors of l.
79
Let o = -77 + 81. Let u(n) = -n**2 - n + 10. Let m be u(o). List the prime factors of (0 - (-17)/(-2))/(5/m).
17
Let v be (390/(-45))/(0 - -2)*9. Let r = -35 - v. Suppose -r*x + 732 = -3*i + 5*i, 918 = 5*x + i. What are the prime factors of x?
2, 23
Let g(m) be the first derivative of m**4/12 + m**3/3 + 31*m**2 + 13*m + 6. Let y(k) be the first derivative of g(k). List the prime factors of y(0).
2, 31
Let i(k) = -16*k**2 - 39*k + 6. Let g(z) = -3*z**2 - 8*z + 1. Let q(d) = 11*g(d) - 2*i(d). What are the prime factors of q(-8)?
3, 5
Suppose -z + f = -f - 11, 0 = -2*z - 2*f + 4. Let p be 15/z*(984/9)/(-1). Let n = p - -618. List the prime factors of n.
2, 5, 29
Let h(m) be the second derivative of m**4/12 - 11*m**3/2 + 66*m**2 - 5*m + 10. What are the prime factors of h(39)?
2, 3, 61
Suppose -363447 + 1228263 = 86*l. List the prime factors of l.
2, 3, 419
Let d(a) = 2*a**3 + a**2 - a + 2. Let w be d(-2). Let f be 4*(-2)/w + 1/(-1). Suppose 3*m - 245 - 40 = f. What are the prime factors of m?
5, 19
Let b(f) = 4*f**2 - 7*f - 16. Let a be b(-5). Let v = 299 + a. List the prime factors of v.
2, 11, 19
Let o = 4970 - 3490. List the prime factors of o.
2, 5, 37
Suppose 7*r - 9*r = -10. Suppose -5*t = 2*u - 3266, 3*t + r*u = 2*u + 1956. List the prime factors of t.
2, 3, 109
Let w = 37638 + -21895. What are the prime factors of w?
7, 13, 173
Suppose 30548*j + 8592 = 30550*j. What are the prime factors of j?
2, 3, 179
Suppose -8 = -2*p + 6*p, -4*g + p + 122 = 0. Suppose -32*d - 4*x = -g*d - 1978, -4*d + 3956 = -4*x. What are the prime factors of d?
23, 43
Suppose 2*b + b + 243 = 0. Let j = -163 - -157. What are the prime factors of ((-9)/j)/((-18)/16)*b?
2, 3
Suppose -2*i - 26 = -0*i. Let g = i + 4. What are the prime factors of (-786)/g + (4/(-6))/(-1)?
2, 11
List the prime factors of (12/24 + 0)*(-5 - -1) - -13793.
3, 4597
Suppose h = -5*k - 2, -9 = -5*h + 5*k + 11. Suppose -x = 4, -h*x = -3*a + 1384 + 332. What are the prime factors of a?
2, 71
Let k = 9 - 21. Let c = 173 + -172. Let t = c - k. What are the prime factors of t?
13
List the prime factors of -1*1/((-40)/77530) + 2/(-8).
2, 3, 17, 19
Let d = -318 + 501. Suppose y - 133 = d. What are the prime factors of y?
2, 79
Suppose -6*g + 3*j + 3 = -8*g, -3*g - 4 = 5*j. Let o(y) = y**2 - 5*y - 8. Let b be o(7). What are the prime factors of g/b + -107*2/(-4)?
53
Let a be (31172/2)/(16/(40/(-5))). List the prime factors of 9/(-45)*(0 + a - 2).
1559
Let j = -9336 + 18670. What are the prime factors of j?
2, 13, 359
Suppose 45*y = 1572037 + 1361513. What are the prime factors of y?
2, 3, 5, 41, 53
Let a be (7/(-14)*12)/(4/38). Suppose -5 = 5*j + 2*o, -2*j = -o + 11 - 0. List the prime factors of (a - 0)*1/j.
19
Let p(j) = -17*j**3 - 12*j**3 - j**2 + j + 5*j + 24*j**3 + 2. List the prime factors of p(-4).
2, 3, 47
Let r(d) = -d**2 + 15*d + 2. Suppose -5*m + 5*y + 20 = 0, 3*m - 13 + 1 = -y. Suppose 0 = -x + m*z - 1, -36 = -3*x - 0*z - z. What are the prime factors of r(x)?
2, 23
Let q(f) = 401*f**2 + 48*f - 160. List the prime factors of q(4).
2, 13, 31
Suppose -5*v + 8*l + 12770 = 5*l, 10238 = 4*v + 2*l. List the prime factors of v.
2557
Let h = -4367 + 20794. List the prime factors of h.
16427
List the prime factors of 1944 + (0 - -17) - 16.
5, 389
Let g(a) = -a**3 + 7*a**2 + 5*a - 32. Let w be g(7). Suppose -2*n + 2818 = d, -w*n + 1424 = d - 2802. What are the prime factors of n?
2, 11
Let d = 282 + -28. Let p be 48/16*d/4*2. Suppose 2*x = 3*t + 280, 306 = 5*x - t - p. List the prime factors of x.
137
Let k(y) = y**3 - 8*y**2 - 14*y + 5. Let o be ((-95)/15 - -2)*-3. List the prime factors of k(o).
2, 167
Let j be 2 - 40/(-25)*(-20)/(-8). Let i = j + -6. List the prime factors of (3/9)/((3 + i)/405).
3, 5
Suppose 4*p + p + 2*u - 740 = 0, -2*p + 2*u + 310 = 0. Let o(k) = -5 + 142*k**2 - 4*k**3 - p*k**2 - 3*k + 14 + 3*k**3. What are the prime factors of o(-8)?
3, 11
Suppose 14*y = 8*y - 2328. Let f = y + 741. What are the prime factors of f?
353
Let i = -369 - -377. List the prime factors of 186/5*(i + 390/20).
3, 11, 31
Suppose 2*d = k - 2*d - 7504, -2*k - 3*d = -14942. List the prime factors of k.
2, 5, 11, 17
Let x(c) = 487*c**2 + 27*c + 193. What are the prime factors of x(-5)?
13, 941
Suppose 5*u - 5*v = -90, 11*u - v = 6*u - 90. List the prime factors of ((-1239)/(-9))/((-6)/u).
7, 59
Suppose -2*b = -3*l + 8230, -13698 = -5*l + b + 7*b. List the prime factors of l.
2, 1373
Let c be 88/(-33) + 136/6. Suppose -6*z - c*z + 43888 = 0. List the prime factors of z.
2, 211
Let m(u) = u**2 - 21*u + 66. Let z be m(4). List the prime factors of 7 + (-1 - 1) + (-424)/z.
7, 31
Let k(r) = 22*r**2 - 6*r + 266. List the prime factors of k(-13).
2, 3, 677
Suppose -3*p = -6*a + 11*a - 28, -5*a = 4*p - 24. Suppose -1103 = -3*h - a. List the prime factors of h.
5, 73
Suppose -5*v + 4*s - 4 = -1, -5*v - 12 = -s. Let d be (6/4)/(v/(-6)). Suppose -d*h = -13 + 7. List the prime factors of h.
2
Let y = 299 - -73. Let v be (-8)/12*y/(-8). Let a = v + -3. What are the prime factors of a?
2, 7
Let b be (3/6)/((-2)/8). Let o be -4*1795/(-30) - b/(-6). Suppose -5*p - m + o + 74 = 0, 3*p = m + 183. List the prime factors of p.
2, 31
Let c(w) = w**2 + 144*w + 103. What are the prime factors of c(51)?
2, 157
Suppose -287 + 1323 = 28*h. Suppose h*g = 27609 - 4336. What are the prime factors of g?
17, 37
Let i = -38857 + 81368. List the prime factors of i.
7, 6073
Let z(g) = 114*g - 1. Suppose -11 = -4*c + b, -4*c = 2*b + b + 1. What are the prime factors of z(c)?
227
Let a = 108 + -103. Suppose 4*f - a*y = 1431 + 6, 4*y - 354 = -f. List the prime factors of f.
2, 179
Suppose r + 10*r - 246400 = 3*r. What are the prime factors of r?
2, 5, 7, 11
List the prime factors of 696/30*(0 - 69420/(-24)).
2, 13, 29, 89
Let k be (3 - -1)*(-156)/(-8). Suppose 26*q = 23*q + k. Suppose 0 = -w + 2*z + 26, 3*w - 2*w - q = -3*z. List the prime factors of w.
2, 13
Let z(v) = -179*v - 372. List the prime factors of z(-14).
2, 11, 97
Suppose -65 - 1 = -2*j. Let u = j - 31. List the prime factors of ((u - -33) + -3)*4.
2
Suppose 4*k = 4*r + 5948, -4*r + 506 = -k + 1987. Let w = k - 756. List the prime factors of w.
733
Suppose -59861 = -4*s + m, -2*m + 74836 = 8*s - 3*s. List the prime factors of s.
2, 7, 1069
Suppose 2*z = -4*q + 36, -q = 3*z - 3*q - 22. Let a = z - 10. Suppose w - 5 - 115 = a. What are the prime factors of w?
2, 3, 5
Let u = 774 + -3918. List the prime factors of u/(-15) - (-2)/5 - -4.
2, 107
Let p(l) = 22*l**2 - 5*l + 12. Let h be p(-5). Let y = 1219 - h. List the prime factors of ((-1)/(-2))/(4/y).
79
Suppose -4*a = 20, -22*a + 17*a = b - 20907. What are the prime factors of b?
2, 5233
Let u = 963 + 130. Suppose 2*o = -4*c + 5*o + 1449, -3*c = 4*o - u. List the p